{"id":21,"date":"2024-12-17T08:53:58","date_gmt":"2024-12-17T08:53:58","guid":{"rendered":"https:\/\/stenuesson23.thkit.ee\/restoranile\/teenused\/"},"modified":"2025-03-04T09:50:02","modified_gmt":"2025-03-04T07:50:02","slug":"teenused","status":"publish","type":"page","link":"https:\/\/stenuesson23.thkit.ee\/restoranile\/teenused\/","title":{"rendered":"Teenused"},"content":{"rendered":"\n<div class=\"wp-block-group alignfull has-background-background-color has-background has-global-padding is-layout-constrained wp-container-core-group-is-layout-832022f9 wp-block-group-is-layout-constrained\" style=\"margin-top:0;margin-bottom:0;padding-top:0;padding-right:0;padding-bottom:0;padding-left:0\">\n<div class=\"wp-block-cover alignfull\" style=\"padding-top:0;padding-right:var(--wp--preset--spacing--30);padding-bottom:0;padding-left:var(--wp--preset--spacing--30);min-height:50px;aspect-ratio:unset;\"><span aria-hidden=\"true\" class=\"wp-block-cover__background has-black-background-color has-background-dim-60 has-background-dim\"><\/span><img loading=\"lazy\" decoding=\"async\" width=\"1280\" height=\"853\" class=\"wp-block-cover__image-background wp-image-31\" alt=\"\" src=\"https:\/\/stenuesson23.thkit.ee\/restoranile\/wp-content\/uploads\/2024\/12\/51f77354805424d185f3be4212c355f49ee27bd8.jpg\" data-object-fit=\"cover\" srcset=\"https:\/\/stenuesson23.thkit.ee\/restoranile\/wp-content\/uploads\/2024\/12\/51f77354805424d185f3be4212c355f49ee27bd8.jpg 1280w, https:\/\/stenuesson23.thkit.ee\/restoranile\/wp-content\/uploads\/2024\/12\/51f77354805424d185f3be4212c355f49ee27bd8-300x200.jpg 300w, https:\/\/stenuesson23.thkit.ee\/restoranile\/wp-content\/uploads\/2024\/12\/51f77354805424d185f3be4212c355f49ee27bd8-1024x682.jpg 1024w, https:\/\/stenuesson23.thkit.ee\/restoranile\/wp-content\/uploads\/2024\/12\/51f77354805424d185f3be4212c355f49ee27bd8-768x512.jpg 768w, https:\/\/stenuesson23.thkit.ee\/restoranile\/wp-content\/uploads\/2024\/12\/51f77354805424d185f3be4212c355f49ee27bd8-600x400.jpg 600w\" sizes=\"auto, (max-width: 1280px) 100vw, 1280px\" \/><div class=\"wp-block-cover__inner-container is-layout-flow wp-block-cover-is-layout-flow\">\n<div class=\"wp-block-group has-global-padding is-layout-constrained wp-block-group-is-layout-constrained\" style=\"padding-top:var(--wp--preset--spacing--60);padding-bottom:var(--wp--preset--spacing--60)\">\n<div class=\"wp-block-group alignwide has-global-padding is-content-justification-left is-layout-constrained wp-container-core-group-is-layout-12dd3699 wp-block-group-is-layout-constrained\">\n<h1 class=\"wp-block-heading has-text-color has-x-large-font-size\" style=\"color:#fffffffc\">Lokomotiiv toitlustus pakub eksklusiivseid teenuseid<\/h1>\n\n\n\n<p class=\"has-text-color\" style=\"color:#fffffffc;margin-top:16px\">Lokomotiiv toitlustus &#8211; Elegantne ja kuninglik restoran, kus oodata parimat maitseelamust.<\/p>\n<\/div>\n<\/div>\n<\/div><\/div>\n<\/div>\n\n\n\n<div class=\"wp-block-group alignfull has-tertiary-background-color has-background has-global-padding is-layout-constrained wp-container-core-group-is-layout-7276a2bb wp-block-group-is-layout-constrained\" id=\"teenused\" style=\"margin-top:0;margin-bottom:0;padding-top:var(--wp--preset--spacing--60);padding-right:var(--wp--preset--spacing--30);padding-bottom:var(--wp--preset--spacing--60);padding-left:var(--wp--preset--spacing--30)\">\n<div class=\"wp-block-group alignwide has-global-padding is-content-justification-left is-layout-constrained wp-container-core-group-is-layout-8b4c372c wp-block-group-is-layout-constrained\">\n<h2 class=\"wp-block-heading has-large-font-size\">Meie elegantsed maitsed ja joogid<\/h2>\n\n\n\n<p style=\"margin-top:16px\">Tere tulemast Lokomotiiv toitlustusse! Pakume kuninglikku elamust kohalikest ja v\u00e4rskeimatest koostisosadest. Nautige s\u00f5prade ja perega meie elegantset k\u00f6\u00f6ki ja s\u00f5bralikku teenindust. Ootame teid k\u00fclla!<\/p>\n<\/div>\n\n\n\n<div class=\"wp-block-columns alignwide is-layout-flex wp-container-core-columns-is-layout-5b525043 wp-block-columns-is-layout-flex\">\n<div class=\"wp-block-column is-layout-flow wp-block-column-is-layout-flow\">\n<figure class=\"wp-block-image ext-aspect-landscape\"><img loading=\"lazy\" decoding=\"async\" width=\"1280\" height=\"1745\" src=\"https:\/\/stenuesson23.thkit.ee\/restoranile\/wp-content\/uploads\/2024\/12\/233dae47f14d5a10e5c6cc3c54e4bef6445c39ad.jpg\" alt=\"\" class=\"wp-image-32\" style=\"aspect-ratio:4\/3;object-fit:cover\" srcset=\"https:\/\/stenuesson23.thkit.ee\/restoranile\/wp-content\/uploads\/2024\/12\/233dae47f14d5a10e5c6cc3c54e4bef6445c39ad.jpg 1280w, https:\/\/stenuesson23.thkit.ee\/restoranile\/wp-content\/uploads\/2024\/12\/233dae47f14d5a10e5c6cc3c54e4bef6445c39ad-220x300.jpg 220w, https:\/\/stenuesson23.thkit.ee\/restoranile\/wp-content\/uploads\/2024\/12\/233dae47f14d5a10e5c6cc3c54e4bef6445c39ad-751x1024.jpg 751w, https:\/\/stenuesson23.thkit.ee\/restoranile\/wp-content\/uploads\/2024\/12\/233dae47f14d5a10e5c6cc3c54e4bef6445c39ad-768x1047.jpg 768w, https:\/\/stenuesson23.thkit.ee\/restoranile\/wp-content\/uploads\/2024\/12\/233dae47f14d5a10e5c6cc3c54e4bef6445c39ad-1127x1536.jpg 1127w, https:\/\/stenuesson23.thkit.ee\/restoranile\/wp-content\/uploads\/2024\/12\/233dae47f14d5a10e5c6cc3c54e4bef6445c39ad-600x818.jpg 600w\" sizes=\"auto, (max-width: 1280px) 100vw, 1280px\" \/><\/figure>\n\n\n\n<h3 class=\"wp-block-heading\" style=\"margin-top:24px;font-size:clamp(14px, 0.875rem + ((1vw - 3.2px) * 0.625), 20px);line-height:1.5\">Kohandatud toitlustus<\/h3>\n\n\n\n<p class=\"has-small-font-size\" style=\"margin-top:8px\">Lokomotiiv toitlustus pakub professionaalset cateringiteenust erinevatele s\u00fcndmustele.<\/p>\n<\/div>\n\n\n\n<div class=\"wp-block-column is-layout-flow wp-block-column-is-layout-flow\">\n<figure class=\"wp-block-image ext-aspect-landscape\"><img decoding=\"async\" src=\"https:\/\/stenuesson23.thkit.ee\/restoranile\/wp-content\/uploads\/2024\/12\/b1fd2d8ef8ceec3239d01b1077dc8271e48abfd0.jpg\" alt=\"\" class=\"wp-image-44\" style=\"aspect-ratio:4\/3;object-fit:cover\"\/><\/figure>\n\n\n\n<h3 class=\"wp-block-heading\" style=\"margin-top:24px;font-size:clamp(14px, 0.875rem + ((1vw - 3.2px) * 0.625), 20px);line-height:1.5\">Elegantne teenindus<\/h3>\n\n\n\n<p class=\"has-small-font-size\" style=\"margin-top:8px\">Lokomotiiv toitlustus on armastatud paik, kus pakume kvaliteetset teenindust ja kuninglikke maitseelamusi.<\/p>\n<\/div>\n\n\n\n<div class=\"wp-block-column is-layout-flow wp-block-column-is-layout-flow\">\n<figure class=\"wp-block-image ext-aspect-landscape\"><img decoding=\"async\" src=\"https:\/\/stenuesson23.thkit.ee\/restoranile\/wp-content\/uploads\/2024\/12\/3ecae1b5dab474180d08fc20d6c37f1500aa4a09.jpg\" alt=\"\" class=\"wp-image-45\" style=\"aspect-ratio:4\/3;object-fit:cover\"\/><\/figure>\n\n\n\n<h3 class=\"wp-block-heading\" style=\"margin-top:24px;font-size:clamp(14px, 0.875rem + ((1vw - 3.2px) * 0.625), 20px);line-height:1.5\">Auhinnatud men\u00fc\u00fc<\/h3>\n\n\n\n<p class=\"has-small-font-size\" style=\"margin-top:8px\">Lokomotiiv toitlustus &#8211; lummav kogemus. Kuninglik men\u00fc\u00fc ja kohalikud koostisosad. S\u00f5bralik teenindus.<\/p>\n<\/div>\n<\/div>\n<\/div>\n\n\n\n<div class=\"wp-block-group alignfull has-background-background-color has-background has-global-padding is-layout-constrained wp-container-core-group-is-layout-fb85e995 wp-block-group-is-layout-constrained\" id=\"menyy\" style=\"margin-top:0;margin-bottom:0;padding-top:var(--wp--preset--spacing--60);padding-right:var(--wp--preset--spacing--30);padding-bottom:var(--wp--preset--spacing--60);padding-left:var(--wp--preset--spacing--30)\">\n<div class=\"wp-block-group alignwide has-global-padding is-content-justification-left is-layout-constrained wp-container-core-group-is-layout-3c97d49d wp-block-group-is-layout-constrained\" style=\"margin-bottom:var(--wp--preset--spacing--50)\">\n<h2 class=\"wp-block-heading has-text-align-left has-large-font-size\">Maitsev Men\u00fc\u00fc &#8211; Kuninglikud Road<\/h2>\n\n\n\n<p class=\"has-text-align-left\" style=\"margin-top:16px\">Lokomotiiv Toitlustus &#8211; elegantne ja kutsuv. Kuninglik men\u00fc\u00fc, kohalik k\u00f6\u00f6k, s\u00f5bralik teenindus.<\/p>\n<\/div>\n\n\n\n<div class=\"wp-block-columns alignwide is-layout-flex wp-container-core-columns-is-layout-87beb0d0 wp-block-columns-is-layout-flex\">\n<div class=\"wp-block-column has-tertiary-background-color has-background is-layout-flow wp-block-column-is-layout-flow\" style=\"padding-top:var(--wp--preset--spacing--30);padding-right:var(--wp--preset--spacing--30);padding-bottom:var(--wp--preset--spacing--30);padding-left:var(--wp--preset--spacing--30)\">\n<div class=\"wp-block-group is-content-justification-space-between is-layout-flex wp-container-core-group-is-layout-cba2a4a7 wp-block-group-is-layout-flex\">\n<h3 class=\"wp-block-heading\" style=\"font-size:clamp(14px, 0.875rem + ((1vw - 3.2px) * 0.625), 20px);line-height:1.5\">Kreemjas metsaseenepasta<\/h3>\n\n\n\n<h3 class=\"wp-block-heading\" style=\"font-size:clamp(14px, 0.875rem + ((1vw - 3.2px) * 0.625), 20px);line-height:1.5\">14\u20ac<\/h3>\n<\/div>\n\n\n\n<p class=\"has-small-font-size\" style=\"margin-top:12px\">Meie kreemjas metsaseenepasta on valmistatud v\u00e4rsketest seentest ja rikkalikust koorekastmest. Seenearmastajad saavad t\u00f5elise maitseelamuse.<\/p>\n<\/div>\n\n\n\n<div class=\"wp-block-column has-tertiary-background-color has-background is-layout-flow wp-block-column-is-layout-flow\" style=\"padding-top:var(--wp--preset--spacing--30);padding-right:var(--wp--preset--spacing--30);padding-bottom:var(--wp--preset--spacing--30);padding-left:var(--wp--preset--spacing--30)\">\n<div class=\"wp-block-group is-content-justification-space-between is-layout-flex wp-container-core-group-is-layout-cba2a4a7 wp-block-group-is-layout-flex\">\n<h3 class=\"wp-block-heading\" style=\"font-size:clamp(14px, 0.875rem + ((1vw - 3.2px) * 0.625), 20px);line-height:1.5\">Kr\u00f5bedad kartuliplatsid<\/h3>\n\n\n\n<h3 class=\"wp-block-heading\" style=\"font-size:clamp(14px, 0.875rem + ((1vw - 3.2px) * 0.625), 20px);line-height:1.5\">9\u20ac<\/h3>\n<\/div>\n\n\n\n<p class=\"has-small-font-size\" style=\"margin-top:12px\">Lokomotiiv Toitlustus &#8211; elegantne ja kutsuv. Kuninglik men\u00fc\u00fc, kohalik k\u00f6\u00f6k, s\u00f5bralik teenindus.<\/p>\n<\/div>\n<\/div>\n\n\n\n<div class=\"wp-block-columns alignwide is-layout-flex wp-container-core-columns-is-layout-e12f0bcd wp-block-columns-is-layout-flex\" style=\"margin-top:var(--wp--preset--spacing--30)\">\n<div class=\"wp-block-column has-tertiary-background-color has-background is-layout-flow wp-block-column-is-layout-flow\" style=\"padding-top:var(--wp--preset--spacing--30);padding-right:var(--wp--preset--spacing--30);padding-bottom:var(--wp--preset--spacing--30);padding-left:var(--wp--preset--spacing--30)\">\n<div class=\"wp-block-group is-content-justification-space-between is-layout-flex wp-container-core-group-is-layout-cba2a4a7 wp-block-group-is-layout-flex\">\n<h3 class=\"wp-block-heading\" style=\"font-size:clamp(14px, 0.875rem + ((1vw - 3.2px) * 0.625), 20px);line-height:1.5\">Tuline kanakarri<\/h3>\n\n\n\n<h3 class=\"wp-block-heading\" style=\"font-size:clamp(14px, 0.875rem + ((1vw - 3.2px) * 0.625), 20px);line-height:1.5\">16\u20ac<\/h3>\n<\/div>\n\n\n\n<p class=\"has-small-font-size\" style=\"margin-top:12px\">Tutvu meie laia valikuga, kus leidub maitsvaid eelroogasid, pearoogasid, magustoite ja jooke.<\/p>\n<\/div>\n\n\n\n<div class=\"wp-block-column has-tertiary-background-color has-background is-layout-flow wp-block-column-is-layout-flow\" style=\"padding-top:var(--wp--preset--spacing--30);padding-right:var(--wp--preset--spacing--30);padding-bottom:var(--wp--preset--spacing--30);padding-left:var(--wp--preset--spacing--30)\">\n<div class=\"wp-block-group is-content-justification-space-between is-layout-flex wp-container-core-group-is-layout-cba2a4a7 wp-block-group-is-layout-flex\">\n<h3 class=\"wp-block-heading\" style=\"font-size:clamp(14px, 0.875rem + ((1vw - 3.2px) * 0.625), 20px);line-height:1.5\">Rikkalik \u0161okolaadikook<\/h3>\n\n\n\n<h3 class=\"wp-block-heading\" style=\"font-size:clamp(14px, 0.875rem + ((1vw - 3.2px) * 0.625), 20px);line-height:1.5\">11\u20ac<\/h3>\n<\/div>\n\n\n\n<p class=\"has-small-font-size\" style=\"margin-top:12px\">Meie hinnad on hoolikalt kalkuleeritud ja sisaldavad k\u00f5iki makse.<\/p>\n<\/div>\n<\/div>\n<\/div>\n\n\n\n<div class=\"wp-block-group alignfull has-tertiary-background-color has-background has-global-padding is-layout-constrained wp-container-core-group-is-layout-c03f3b2a wp-block-group-is-layout-constrained\" style=\"padding-top:var(--wp--preset--spacing--60);padding-right:var(--wp--preset--spacing--30);padding-bottom:var(--wp--preset--spacing--60);padding-left:var(--wp--preset--spacing--30)\">\n<div class=\"wp-block-media-text alignwide has-media-on-the-right is-stacked-on-mobile is-vertically-aligned-center is-image-fill-element\" style=\"padding-right:0;padding-left:0;grid-template-columns:auto 40%\"><div class=\"wp-block-media-text__content\">\n<div class=\"wp-block-group has-global-padding is-content-justification-left is-layout-constrained wp-container-core-group-is-layout-cdff7eec wp-block-group-is-layout-constrained\" style=\"padding-top:var(--wp--preset--spacing--30);padding-right:0;padding-bottom:var(--wp--preset--spacing--30);padding-left:0\">\n<h2 class=\"wp-block-heading has-large-font-size\">Broneeri kohe kohe ja koge meie lokomotiivi h\u00f5rgutisi!<\/h2>\n\n\n\n<p style=\"margin-top:16px\">Tere tulemast Lokomotiiv toitlustus restorani! Meie elegantne ja kuninglik restoran pakub imelisi maitseelamusi, mis on valmistatud v\u00e4rsketest koostisosadest. Ootame teid nautima suurep\u00e4rast teenindust ja meeldej\u00e4\u00e4vat \u00f5htus\u00f6\u00f6ki. Broneerige oma laud t\u00e4na!<\/p>\n\n\n\n<ul style=\"line-height:2\" class=\"wp-block-list has-small-font-size\">\n<li>Kuninglik men\u00fc\u00fc<\/li>\n\n\n\n<li>V\u00e4rsked maitsed<\/li>\n\n\n\n<li>Elegantne \u00f5hkkond<\/li>\n\n\n\n<li>S\u00f5bralik vastuv\u00f5tt<\/li>\n\n\n\n<li>Keskne asukoht<\/li>\n<\/ul>\n\n\n\n<div class=\"wp-block-buttons is-layout-flex wp-container-core-buttons-is-layout-12dcd427 wp-block-buttons-is-layout-flex\" style=\"margin-top:var(--wp--preset--spacing--40)\">\n<div class=\"wp-block-button\"><a class=\"wp-block-button__link wp-element-button\" href=\"https:\/\/stenuesson23.thkit.ee\/restoranile\/broneeringud\/\">Broneeri laud<\/a><\/div>\n<\/div>\n<\/div>\n<\/div><figure class=\"wp-block-media-text__media\"><img loading=\"lazy\" decoding=\"async\" width=\"1280\" height=\"1707\" src=\"https:\/\/stenuesson23.thkit.ee\/restoranile\/wp-content\/uploads\/2024\/12\/29626528ea39e1aa5d8d67457254a13d77bf5148.jpg\" alt=\"\" class=\"wp-image-35 size-full\" style=\"object-position:50% 50%\" srcset=\"https:\/\/stenuesson23.thkit.ee\/restoranile\/wp-content\/uploads\/2024\/12\/29626528ea39e1aa5d8d67457254a13d77bf5148.jpg 1280w, https:\/\/stenuesson23.thkit.ee\/restoranile\/wp-content\/uploads\/2024\/12\/29626528ea39e1aa5d8d67457254a13d77bf5148-225x300.jpg 225w, https:\/\/stenuesson23.thkit.ee\/restoranile\/wp-content\/uploads\/2024\/12\/29626528ea39e1aa5d8d67457254a13d77bf5148-768x1024.jpg 768w, https:\/\/stenuesson23.thkit.ee\/restoranile\/wp-content\/uploads\/2024\/12\/29626528ea39e1aa5d8d67457254a13d77bf5148-1152x1536.jpg 1152w, https:\/\/stenuesson23.thkit.ee\/restoranile\/wp-content\/uploads\/2024\/12\/29626528ea39e1aa5d8d67457254a13d77bf5148-600x800.jpg 600w\" sizes=\"auto, (max-width: 1280px) 100vw, 1280px\" \/><\/figure><\/div>\n<\/div>\n","protected":false},"excerpt":{"rendered":"<p>Meie elegantsed maitsed ja joogid Tere tulemast Lokomotiiv toitlustusse! Pakume kuninglikku elamust kohalikest ja v\u00e4rskeimatest koostisosadest. Nautige s\u00f5prade ja perega meie elegantset k\u00f6\u00f6ki ja s\u00f5bralikku teenindust. Ootame teid k\u00fclla! Kohandatud toitlustus Lokomotiiv toitlustus pakub professionaalset cateringiteenust erinevatele s\u00fcndmustele. Elegantne teenindus Lokomotiiv toitlustus on armastatud paik, kus pakume kvaliteetset teenindust ja kuninglikke maitseelamusi. Auhinnatud men\u00fc\u00fc Lokomotiiv [&hellip;]<\/p>\n","protected":false},"author":1,"featured_media":0,"parent":0,"menu_order":0,"comment_status":"closed","ping_status":"closed","template":"no-title","meta":{"footnotes":""},"class_list":["post-21","page","type-page","status-publish","hentry"],"_links":{"self":[{"href":"https:\/\/stenuesson23.thkit.ee\/restoranile\/wp-json\/wp\/v2\/pages\/21","targetHints":{"allow":["GET"]}}],"collection":[{"href":"https:\/\/stenuesson23.thkit.ee\/restoranile\/wp-json\/wp\/v2\/pages"}],"about":[{"href":"https:\/\/stenuesson23.thkit.ee\/restoranile\/wp-json\/wp\/v2\/types\/page"}],"author":[{"embeddable":true,"href":"https:\/\/stenuesson23.thkit.ee\/restoranile\/wp-json\/wp\/v2\/users\/1"}],"replies":[{"embeddable":true,"href":"https:\/\/stenuesson23.thkit.ee\/restoranile\/wp-json\/wp\/v2\/comments?post=21"}],"version-history":[{"count":3,"href":"https:\/\/stenuesson23.thkit.ee\/restoranile\/wp-json\/wp\/v2\/pages\/21\/revisions"}],"predecessor-version":[{"id":131,"href":"https:\/\/stenuesson23.thkit.ee\/restoranile\/wp-json\/wp\/v2\/pages\/21\/revisions\/131"}],"wp:attachment":[{"href":"https:\/\/stenuesson23.thkit.ee\/restoranile\/wp-json\/wp\/v2\/media?parent=21"}],"curies":[{"name":"wp","href":"https:\/\/api.w.org\/{rel}","templated":true}]}}