{"id":14,"date":"2024-12-17T07:06:32","date_gmt":"2024-12-17T07:06:32","guid":{"rendered":"https:\/\/stenuesson23.thkit.ee\/Portfoolio\/avaleht\/"},"modified":"2025-01-07T14:20:57","modified_gmt":"2025-01-07T14:20:57","slug":"avaleht","status":"publish","type":"page","link":"https:\/\/stenuesson23.thkit.ee\/Portfoolio\/","title":{"rendered":"Avaleht"},"content":{"rendered":"\n<div class=\"wp-block-group alignfull has-background-background-color has-background has-global-padding is-layout-constrained wp-container-core-group-is-layout-639b5052 wp-block-group-is-layout-constrained\" style=\"padding-top:0;padding-right:0;padding-bottom:0;padding-left:0\">\n<div class=\"wp-block-cover alignfull has-custom-content-position is-position-bottom-center\" style=\"padding-top:0;padding-right:0;padding-bottom:0;padding-left:0;min-height:80vh;aspect-ratio:unset;\"><span aria-hidden=\"true\" class=\"wp-block-cover__background has-black-background-color has-background-dim-0 has-background-dim\"><\/span><img loading=\"lazy\" decoding=\"async\" width=\"1280\" height=\"850\" class=\"wp-block-cover__image-background wp-image-37\" alt=\"\" src=\"https:\/\/stenuesson23.thkit.ee\/Portfoolio\/wp-content\/uploads\/2024\/12\/d964ca2e727ba63c5701bae3449d606803335fcc.jpg\" data-object-fit=\"cover\" srcset=\"https:\/\/stenuesson23.thkit.ee\/Portfoolio\/wp-content\/uploads\/2024\/12\/d964ca2e727ba63c5701bae3449d606803335fcc.jpg 1280w, https:\/\/stenuesson23.thkit.ee\/Portfoolio\/wp-content\/uploads\/2024\/12\/d964ca2e727ba63c5701bae3449d606803335fcc-300x199.jpg 300w, https:\/\/stenuesson23.thkit.ee\/Portfoolio\/wp-content\/uploads\/2024\/12\/d964ca2e727ba63c5701bae3449d606803335fcc-1024x680.jpg 1024w, https:\/\/stenuesson23.thkit.ee\/Portfoolio\/wp-content\/uploads\/2024\/12\/d964ca2e727ba63c5701bae3449d606803335fcc-768x510.jpg 768w\" sizes=\"auto, (max-width: 1280px) 100vw, 1280px\" \/><div class=\"wp-block-cover__inner-container is-layout-flow wp-block-cover-is-layout-flow\">\n<div class=\"wp-block-group has-foreground-color has-background-background-color has-text-color has-background has-global-padding is-content-justification-center is-layout-constrained wp-container-core-group-is-layout-0d0cb2f8 wp-block-group-is-layout-constrained\" style=\"border-top-left-radius:4px;border-top-right-radius:4px;border-bottom-left-radius:0px;border-bottom-right-radius:0px;padding-top:var(--wp--preset--spacing--60);padding-right:var(--wp--preset--spacing--30);padding-bottom:var(--wp--preset--spacing--60);padding-left:var(--wp--preset--spacing--30)\">\n<h1 class=\"wp-block-heading has-text-align-center has-foreground-color has-text-color has-x-large-font-size\">Sten Christjan Uesson &#8211; Noore Tarkvaraarendaja ideed<\/h1>\n\n\n\n<p class=\"has-text-align-center has-foreground-color has-text-color\" style=\"margin-top:16px\">Sten Christjan Uesson on s\u00e4rav kutsekooli \u00f5pilane, kes avastab WordPress&#8217;i v\u00f5imalusi. Tema kirg ja oskus \u00f5ppida uusi veebidisaini tehnikaid teevad temast suurep\u00e4rase partneri veebiprojektideks.<\/p>\n\n\n\n<div class=\"wp-block-buttons is-content-justification-center is-layout-flex wp-container-core-buttons-is-layout-9165764d wp-block-buttons-is-layout-flex\" style=\"margin-top:var(--wp--preset--spacing--30)\">\n<div class=\"wp-block-button\"><a class=\"wp-block-button__link wp-element-button\" href=\"https:\/\/stenuesson23.thkit.ee\/Portfoolio\/?page_id=10\">Saada s\u00f5num<\/a><\/div>\n<\/div>\n<\/div>\n<\/div><\/div>\n<\/div>\n\n\n\n<div class=\"wp-block-group alignfull has-tertiary-background-color has-background has-global-padding is-layout-constrained wp-container-core-group-is-layout-254d6575 wp-block-group-is-layout-constrained\" id=\"portfoolio\" style=\"margin-top:0;margin-bottom:0;padding-top:var(--wp--preset--spacing--60);padding-right:var(--wp--preset--spacing--30);padding-bottom:var(--wp--preset--spacing--60);padding-left:var(--wp--preset--spacing--30)\">\n<div class=\"wp-block-group alignwide has-global-padding is-content-justification-left is-layout-constrained wp-container-core-group-is-layout-3c97d49d wp-block-group-is-layout-constrained\" style=\"margin-bottom:var(--wp--preset--spacing--50)\">\n<h2 class=\"wp-block-heading has-text-align-left has-large-font-size\">StenChristjan Uesson &#8211; Veebiarenduse Eksperimentaalne Projekt<\/h2>\n\n\n\n<p class=\"has-text-align-left\" style=\"margin-top:16px\">Uurige minu varasemaid projekte ja katsetusi, mis demonstreerivad minu \u00f5ppeprotsessi WordPressiga. Need veebilehed on loodud kasutajas\u00f5bralikkuse ja visuaalse atraktiivsuse saavutamiseks.<\/p>\n<\/div>\n<\/div>\n\n\n\n<div class=\"wp-block-group alignfull has-background-background-color has-background has-global-padding is-layout-constrained wp-container-core-group-is-layout-fb85e995 wp-block-group-is-layout-constrained\" id=\"meist\" style=\"margin-top:0;margin-bottom:0;padding-top:var(--wp--preset--spacing--60);padding-right:var(--wp--preset--spacing--30);padding-bottom:var(--wp--preset--spacing--60);padding-left:var(--wp--preset--spacing--30)\">\n<h2 class=\"wp-block-heading has-text-align-center has-large-font-size\">Sten Christjan Uesson &#8211; Professionaalne WordPress&#8217;i uurija, kes avastab uusi tehnoloogiaid.<\/h2>\n\n\n\n<p class=\"has-text-align-center\" style=\"margin-top:16px\">Olen Sten Christjan Uesson, kutsekooli \u00f5pilane Eestis. Katsetan innukalt WordPress&#8217;i, et arendada oma teadmisi ja oskusi digitaalses disainis.<\/p>\n\n\n\n<figure class=\"wp-block-image aligncenter size-full has-custom-border is-style-default\"><img loading=\"lazy\" decoding=\"async\" width=\"480\" height=\"270\" src=\"https:\/\/stenuesson23.thkit.ee\/Portfoolio\/wp-content\/uploads\/2025\/01\/Hacker_Wallpaper.webp\" alt=\"\" class=\"has-border-color wp-image-119\" style=\"border-color:#2d3f47;border-width:5px;border-radius:63px;aspect-ratio:16\/9;object-fit:cover\" srcset=\"https:\/\/stenuesson23.thkit.ee\/Portfoolio\/wp-content\/uploads\/2025\/01\/Hacker_Wallpaper.webp 480w, https:\/\/stenuesson23.thkit.ee\/Portfoolio\/wp-content\/uploads\/2025\/01\/Hacker_Wallpaper-300x169.webp 300w\" sizes=\"auto, (max-width: 480px) 100vw, 480px\" \/><\/figure>\n<\/div>\n\n\n\n<div class=\"wp-block-group alignfull has-tertiary-background-color has-background has-global-padding is-layout-constrained wp-container-core-group-is-layout-7276a2bb wp-block-group-is-layout-constrained\" id=\"kontakt\" style=\"margin-top:0;margin-bottom:0;padding-top:var(--wp--preset--spacing--60);padding-right:var(--wp--preset--spacing--30);padding-bottom:var(--wp--preset--spacing--60);padding-left:var(--wp--preset--spacing--30)\">\n<div class=\"wp-block-columns alignwide is-layout-flex wp-container-core-columns-is-layout-fa584acd wp-block-columns-is-layout-flex\">\n<div class=\"wp-block-column is-layout-flow wp-block-column-is-layout-flow\" style=\"flex-basis:50%\">\n<div class=\"wp-block-group is-layout-flow wp-block-group-is-layout-flow\">\n<h4 class=\"wp-block-heading has-medium-font-size\">Milliseid teenuseid saan pakkuda oma WordPress portfoolio kaudu?<\/h4>\n\n\n\n<p class=\"has-small-font-size\" style=\"margin-top:12px\">Pakun erinevaid veebidisaini teenuseid, sealhulgas veebilehe arendamine, kasutajaliidese disain ja optimeerimine. Olen p\u00fchendunud esteetiliselt meeldivate ja kasutajas\u00f5bralike veebilehtede loomisele.<\/p>\n<\/div>\n\n\n\n<hr class=\"wp-block-separator has-css-opacity has-text-color has-tertiary-color has-alpha-channel-opacity has-background-background-color has-background is-style-wide\"\/>\n\n\n\n<div class=\"wp-block-group is-layout-flow wp-block-group-is-layout-flow\">\n<h4 class=\"wp-block-heading has-medium-font-size\">Kui kaua v\u00f5tab aega veebilehe arendamine?<\/h4>\n\n\n\n<p class=\"has-small-font-size\" style=\"margin-top:12px\">Veebilehe arenduse kestus oleneb projekti mahust ja keerukusest. Lihtsamad veebilehed saavad valmis m\u00f5ne n\u00e4dalaga, keerukamad v\u00f5ivad v\u00f5tta mitu kuud. Olen p\u00fchendunud kvaliteedile ja klientide ootuste \u00fcletamisele.<\/p>\n<\/div>\n\n\n\n<hr class=\"wp-block-separator has-css-opacity has-text-color has-tertiary-color has-alpha-channel-opacity has-background-background-color has-background is-style-wide\"\/>\n\n\n\n<div class=\"wp-block-group is-layout-flow wp-block-group-is-layout-flow\">\n<h4 class=\"wp-block-heading has-medium-font-size\">Kas pakud ka e-poe disainiteenust?<\/h4>\n\n\n\n<p class=\"has-small-font-size\" style=\"margin-top:12px\">Jah, mul on kogemusi e-poodide disainimisel ja loomisel. Pakun unikaalseid ja atraktiivseid e-poe lahendusi, mis toetavad toodete m\u00fc\u00fcki v\u00f5rgus. Lisaks disainile aitan ka maksev\u00e4ravaid ja logistikas\u00fcsteeme integreerida.<\/p>\n<\/div>\n<\/div>\n\n\n\n<div class=\"wp-block-column is-layout-flow wp-block-column-is-layout-flow\" style=\"flex-basis:50%\">\n<h2 class=\"wp-block-heading has-large-font-size\">V\u00f5ta \u00fchendust Tallinnast p\u00e4rit andeka veebidisaineriga, et luua unikaalne veebileht<\/h2>\n\n\n\n<p><strong>S\u00f5pruse pst 182<\/strong><\/p>\n\n\n\n<p style=\"margin-top:0\"><strong>Tallinn, Eesti<\/strong><\/p>\n\n\n\n<p class=\"has-small-font-size\" style=\"margin-top:8px\">101101<\/p>\n\n\n\n<p class=\"has-small-font-size\" style=\"margin-top:8px\">StenUesson@admin.com<\/p>\n<\/div>\n<\/div>\n<\/div>\n","protected":false},"excerpt":{"rendered":"<p>StenChristjan Uesson &#8211; Veebiarenduse Eksperimentaalne Projekt Uurige minu varasemaid projekte ja katsetusi, mis demonstreerivad minu \u00f5ppeprotsessi WordPressiga. Need veebilehed on loodud kasutajas\u00f5bralikkuse ja visuaalse atraktiivsuse saavutamiseks. Sten Christjan Uesson &#8211; Professionaalne WordPress&#8217;i uurija, kes avastab uusi tehnoloogiaid. Olen Sten Christjan Uesson, kutsekooli \u00f5pilane Eestis. Katsetan innukalt WordPress&#8217;i, et arendada oma teadmisi ja oskusi digitaalses disainis. [&hellip;]<\/p>\n","protected":false},"author":1,"featured_media":0,"parent":0,"menu_order":0,"comment_status":"closed","ping_status":"closed","template":"no-title","meta":{"footnotes":""},"class_list":["post-14","page","type-page","status-publish","hentry"],"_links":{"self":[{"href":"https:\/\/stenuesson23.thkit.ee\/Portfoolio\/index.php?rest_route=\/wp\/v2\/pages\/14","targetHints":{"allow":["GET"]}}],"collection":[{"href":"https:\/\/stenuesson23.thkit.ee\/Portfoolio\/index.php?rest_route=\/wp\/v2\/pages"}],"about":[{"href":"https:\/\/stenuesson23.thkit.ee\/Portfoolio\/index.php?rest_route=\/wp\/v2\/types\/page"}],"author":[{"embeddable":true,"href":"https:\/\/stenuesson23.thkit.ee\/Portfoolio\/index.php?rest_route=\/wp\/v2\/users\/1"}],"replies":[{"embeddable":true,"href":"https:\/\/stenuesson23.thkit.ee\/Portfoolio\/index.php?rest_route=%2Fwp%2Fv2%2Fcomments&post=14"}],"version-history":[{"count":8,"href":"https:\/\/stenuesson23.thkit.ee\/Portfoolio\/index.php?rest_route=\/wp\/v2\/pages\/14\/revisions"}],"predecessor-version":[{"id":121,"href":"https:\/\/stenuesson23.thkit.ee\/Portfoolio\/index.php?rest_route=\/wp\/v2\/pages\/14\/revisions\/121"}],"wp:attachment":[{"href":"https:\/\/stenuesson23.thkit.ee\/Portfoolio\/index.php?rest_route=%2Fwp%2Fv2%2Fmedia&parent=14"}],"curies":[{"name":"wp","href":"https:\/\/api.w.org\/{rel}","templated":true}]}}